 the value of 4 - (-10 + 13 - ((0 - 2) + 3))?
2
5 - (0 + (-11 - -7) - -2) - 14
-7
Evaluate (-19 - -10) + 12 - (5 + (-4 - 12)).
14
Calculate 8 + -13 + (4 + 0 - -6) + -2.
3
Calculate 35 + -33 + 36 + -2 + 4 + -6.
34
Calculate -87 - -71 - (-3 + -19).
6
Calculate -15 - -5 - ((5 - 3) + -4).
-8
What is the value of -16 - -16 - ((-1 - -1) + -2 + 6)?
-4
-10 + -26 + 26 - -7
-3
What is 1 + -5 + -9 + (10 - 8 - -4)?
-7
Evaluate (-10 - (12 - 24)) + -4 + 2.
0
2 + -13 + 6 + 23
18
What is 7 - (40 + -37 - (4 - (-3 - -2)))?
9
11 - 1 - 12 - (-7 + -7)
12
What is (4 - (11 + -7) - -6) + -1?
5
Calculate (18 + -14 - 6) + -3 + 0 - -11.
6
Calculate (5 - (2 - -8 - (-1 - -4))) + 20.
18
-1 + (-22 - -9) + 3 + -4 + -1
-16
What is 9 + 3 + -7 - (-12 + 3)?
14
What is the value of 3367 - 3371 - (-1 - 44)?
41
What is the value of -10 + -3 - (6 + 18 + -24)?
-13
Evaluate -10 + 3 + (6 - (2 - -1)) - -20.
16
Evaluate 6 + 2 + 8 - 12.
4
-4 + 0 + -2 + 15 + 38 + -27
20
What is (-20 + -7 - -36) + (-22 - 0)?
-13
Calculate -2 - -1 - -1 - (-5 + 5 - -2).
-2
Evaluate (-14 - -2) + (26 - 26).
-12
What is 4 + -5 + ((-6 - 2) + 16 - 11)?
-4
What is 14 - -9 - -9 - 17?
15
What is 15 + -11 + 0 + 21 + -27 + 13?
11
Calculate 10 + -80 + 42 - -45.
17
What is the value of 1 - ((-2 + 6 - -1) + -6)?
2
What is the value of -9 + 0 + 28 + -11 + -6?
2
What is (-13 - -22) + (30 - 34)?
5
Evaluate -9 + -1 + 9 + 3.
2
Evaluate 7 - 4 - -3 - (-3 + -2 - 3).
14
What is the value of -42 + 35 - -8 - (0 - 4)?
5
Evaluate -9 + (30 - 13) + -12.
-4
Calculate 13 - (63 + (-27 - 13)).
-10
What is 9 + -6 + 0 - 10?
-7
-3 + (3 - -1) - 8 - (-2 - -6)
-11
Calculate 19 - 4 - 22 - -12.
5
What is the value of -48 - -42 - (0 - 0) - 18?
-24
Evaluate -7 - (10 - 4) - -25.
12
What is the value of (-17 + 1 - 1) + (10 + 3 - 5)?
-9
-10 + (18 - 11) + 9 + 7
13
Evaluate -16 + (-21 + 4 - -49).
16
Evaluate 5 - (10 - -2) - -8.
1
What is -32 - (-27 + 31 - 35)?
-1
Evaluate -15 - 2 - (-31 + 22).
-8
What is the value of 192 + -191 - (1 + 2)?
-2
-24 + 24 + -21 + 9
-12
What is the value of -5 + 20 + 1 + -10?
6
Calculate -2 - -6 - ((370 - 380) + (4 - -1)).
9
Evaluate -19 - (2 + 18 + -29).
-10
What is the value of (0 - 9) + 1 - (-55 - (66 - 132))?
-19
23 + 11 + -17 + -37
-20
What is -29 - -20 - 7 - -33?
17
Evaluate 27 - 52 - -38 - -16.
29
7 + -6 + 5 + -9 + 7 - -8
12
What is the value of 15 + -5 - (-4 + 15)?
-1
What is (10 - 3) + 4 + (5 - (-2 + 5))?
13
Calculate 44 - (-13 + 13 - -20).
24
What is (2 - -1) + (-23 - -9) + (-25 - -9)?
-27
What is the value of 29 - (-15 - (-9 - 22))?
13
What is the value of 2 + 1 + (-24 - (-1 - 20))?
0
(54 - 38) + 1 + -30
-13
What is the value of (17 - 13 - 10 - (3 + 13)) + -1?
-23
-3 + -12 + 6 + 3 + 14
8
What is the value of -3 - (15 + 2 - (108 - 99))?
-11
What is 7 + (-1 + 0 - (24 + -14)) - 11?
-15
5 - (8 - 4 - (27 + -17 - 2))
9
0 + 4 + -38 + 8 + (18 - 27)
-35
What is (15 - (-5 + -8)) + -16?
12
Evaluate -11 + 1 + 49 + -127 + 68.
-20
Calculate -1 + (-5 - -1) - (-48 + 20 + 9).
14
Evaluate 20 - (-25 + (-8 - -13) + 28).
12
13 - ((9 - 6) + 6) - (-8 + -4)
16
Calculate (0 - -12 - -4) + -7 + 8.
17
What is the value of -6 - -3 - ((-13 - 0) + (-106 - -107))?
9
Evaluate 32 - 20 - 22 - (8 - 2).
-16
Evaluate 5 - (7 - -5 - 8) - (9 - 0).
-8
Evaluate -22 + -16 + -17 + 51.
-4
What is 7 - ((3 - -38) + -35)?
1
Calculate -3 + 10 - 18 - -18 - -3.
10
What is 8 + 0 + 1 - (21 - (-26 + 28))?
-10
What is (12 - 5) + -6 + -1 - (7 + -8)?
1
(38 - 30 - (1 - 5)) + -6
6
Evaluate -1 + -1 - (1 - 1) - (-1420 + 1412).
6
Evaluate 12 - (-4 + 18 + 1 - 3).
0
Evaluate 20 + 1 + -26 + 11.
6
What is the value of (12 + (21 - 9) - 12) + -19 + 25?
18
What is (-42 + 22 - -34) + -8?
6
Calculate (7 + (-1 - 3) - -11) + 2.
16
Evaluate -2 - 1 - (-17 + -7 - -34).
-13
(-8 + -17 - -19) + 2 + -7
-11
What is (15 - 24) + (11 - (-3 + 2))?
3
Calculate -28 + 29 - (9 + 1 + -4).
-5
What is the value of -14 + 13 - (2 + -4)?
1
What is -7 + (-4 - -2) - (0 - (-2 - -3))?
-8
Evaluate (-3 - -40) + 366 + -388.
15
Calculate -5 + (-10 - (-20 + 6 + -3)).
2
Calculate -15 + (0 - -30) - 14.
1
What is the value of -6 - ((7 - 4) + -12 + 5)?
-2
What is the value of (1 - 3 - 16) + (-15 - -6) + 13?
-14
-1 + -2 + -23 + 10 + -17 + 9
-24
Evaluate (-798 - -781) + 3 + 0.
-14
What is (-8 - (30 - 8)) + 6 + (2 - -2)?
-20
Evaluate 3 + (3 - (9 + -4)) + (-6 - -9).
4
Evaluate 5 + (-29 - -20) + -3.
-7
What is -7 + 0 + 5 - (-28 + 14)?
12
(64 + -30 - 6) + 0 + -6
22
Evaluate (-6 - -24) + -47 + 15.
-14
9 + (-22 - (-37 - -33))
-9
Calculate 1 - (8 - 7 - 5) - -1.
6
Calculate -6 + (-2 - 13) - (-2 - 6).
-13
What is the value of (-2 + -1 - -5) + (-31 - -29) - 5?
-5
Evaluate 0 - -1 - 5 - (2 + (-12 - -8)).
-2
Evaluate -33 - -27 - (-2 + -6) - -9.
11
What is -1 + 13 + -18 - -9?
3
What is -2 + (14 - 3) + -15?
-6
Evaluate -8 + (11 - (-15 + 14)) - (2 - -2).
0
Evaluate 9 + -1 + -9 + 7 + 5.
11
What is the value of -13 + (9 - (2 + 7)) - (7 + -14)?
-6
Evaluate 5 + 4 - (31 - 8 - 4 - 0).
-10
What is the value of 32 + (4 - (20 - 8)) + -10?
14
What is the value of -1 + -15 + 17 + 6?
7
Calculate (-14 - (-4 + 4)) + (10 - 9).
-13
(-14 - -15) + 2 + (-1 - 0)
2
What is 4 + -2 - (18 + (-2 - 2) - 1)?
-11
Evaluate -3 + 4 + (-27 - -16) + 43.
33
What is the value of (-4 - (22 - 21)) + (2 - -1) + -7?
-9
Evaluate 18 - (2 + -8) - (11 - (3 - -2)).
18
What is the value of 6 + 10 + (-6 - 0) + -14?
-4
Evaluate -1 + 3 + (-3 - (-7 - -5 - -6)).
-5
What is the value of (10 + 0 - (18 + -9)) + -9?
-8
What is the value of 1 + (-7 - -14) + -15 - (-1 + 3)?
-9
Calculate -4 + (16 + -6 - 10) - -14.
10
Evaluate 7 + (-8 - 13) + -11 + 9.
-16
What is 48 - (-12 + (28 - -13))?
19
What is the value of 6 + (-4 - -13) - (5 - 3)?
13
Calculate (35 - 3) + (-4 - -12 - (17 + 2)).
21
What is the value of (27 - (65 - 37)) + 15?
14
What is the value of 5 + -8 - (-11 + 1 + -4)?
11
What is the value of -1 - 18 - (-7 + 10)?
-22
What is the value of 1 + 19 + -2 + -20?
-2
What is the value of (1 + -7 - (-112 + 118)) + 38?
26
Calculate -1 - (0 + 28 + (-1 - (7 + 0))).
-21
2 + -14 + 641 + -641
-12
Calculate 0 + 8 - (-13 + 14) - (-2 + -2).
11
Evaluate 4 - (-4 - 1) - (14 - 18).
13
What is the value of 0 + 3 + 10 + -11 + -6 + 16?
12
What is the value of (-1 - -1 - (-29 - -23)) + -5 + 0?
1
What is the value of -8 + 55 + -1 + -29?
17
Calculate 13 - 11 - ((5 - 2) + -3) - -10.
12
Calculate (-1 + -4 - -4) + 2 - (3 + -8).
6
Evaluate 12 + (19 + -34 - -15).
12
14 + 0 - (64 + -50)
0
What is -6 - (4 + 2 - -4 - -4)?
-20
What is (0 - 10) + -157 + 172 + 13?
18
What is the value of (1 - 31) + 36 + (0 - -9)?
15
Evaluate (1 + -20 - 1) + 6.
-14
What is the value of -3 + (-2 - 8) + (69 - 37)?
19
Evaluate -259 + 255 - (27 + 2).
-33
What is 18 + -19 + (-15 - 0)?
-16
What is the value of 6 - (1 + -2 - 0 - (286 + -282))?
11
Calculate 4 + 14 + -23 - (-19 + 0).
14
What is the value of 11 - (12 - 3 - 9)?
11
Evaluate 1 + -3 - (21 - 36 - (7 + -27)).
-7
What is the value of (-2 + 0 - -3) + -364 + 336?
-27
What is 2 + (2 - 2) + (-58 - 2) + 82?
24
-2 - (61 + -64 - (0 - 11))
-10
Evaluate 3 - ((1 - 9) + (84 - 92)).
19
-10 - ((44 - 15) + -18) - 4
-25
Evaluate -16 + (48 - 42) + 3.
-7
11 + -2 - ((-14 - 0) + 13)
10
Evaluate -6 + (21 - (-3 + 14)).
4
What is the value of 8 - (-2 - (-2 + -28) - (148 - 141))?
-13
What is (0 - 0) + (5 - (-6 - -8 - 1))?
4
-17 - -24 - ((-6 - -3) + 6)
4
What is the value of 4 + -12 + 3 + 0?
-5
What is -5 - (15 + -40 + -14 - -5)?
29
29 + -6 + -3 - 7 - (1 + -7)
19
Calculate 28 - 2 - (-191 - -211).
6
What is -21 - -2 - (10 + 2 + 4)?
-35
Calculate -10 - (0 + (-15 - -7 - -2 - -8)).
-12
What is (20 - 0) + (0 - -2) + (-46 - -41)?
17
Calculate -9 + 13 - ((15 - 5) + -1 + 3).
-8
Evaluate 890 + -922 - (0 + -5).
-27
-22 + (-10 - -18) + -2
-16
Calculate (-7 + 18 - 6) + 3 + -14.
-6
Evaluate -5 + (2 - 0) + (-58 - -63).
2
What is the value of 25 - 3 - 9 - (-11 + 2)?
22
-9 + 10 + 8 + (6 - 13)
2
What is -24 + 42 + -23 - (-3 + 0)?
-2
What is the value of -8 + 5 - -1 - (-9 - 4 - 2)?
13
Calculate -15 + -2 + 4 + -10 + 9.
-14
What is -5164 + 5170 + (0 - 1) + (-6 - 1)?
-2
-19 + -5 + 27 + -18 + 1 + -2
-16
What is the value of -16 + 0 + (31 - -5)?
20
Calculate (-4 - 5) + -29 + (-1 + -1 - -4).
-36
What is 0 + 12 + (56 - 39 - 30)?
-1
What is (1 - 2) + 24 - (961 - 955)?
17
What is (-2 + 11 - -2) + -691 + 695?
15
Evaluate (2 - (-4 + 3) - (-42 